) be the third derivative of -3*l**2 + 0*l + 0 + 0*l**3 + c*l**5 - 1/4*l**4. Give y(5).
-5
Let s(p) = 4*p**3 - 2*p**2 + 2*p - 5. Let t = -10 - -15. Let g(l) = -5*l**3 + 3*l**2 - l + 6. Let b(v) = t*g(v) + 6*s(v). Determine b(5).
-15
Let i(g) = g**3 - 9*g**2 + 8*g - 2. Suppose 9*q + 7 = 79. Give i(q).
-2
Let y(q) = -2*q**2 - 5*q + 2. Let t(i) = -i + 11. Let n be t(11). Let r(j) = -11*j + j**2 + j + n*j + 3 - 5*j**2. Let a(p) = -2*r(p) + 5*y(p). Determine a(-4).
-8
Suppose -u + 9 = -4*f, 2*f = u - 2*u - 9. Let v(b) = -2*b - 2*b + 4 - 210*b**3 + 209*b**3 + 9*b. What is v(f)?
16
Let v(f) = -f**3 + 6*f**2 - 7*f + 11. Let t(b) = b**2 - 3*b + 7. Let k be t(2). What is v(k)?
1
Let m = -514 + 513. Let w(n) = -25*n**2 + n. Determine w(m).
-26
Let l(u) = 3*u + 1. Let t(j) = 7*j + 1. Let o be t(2). Let w = o - 12. Suppose 0*f - 9 = w*f. Give l(f).
-8
Let i(y) = 7*y**3 + 5*y**2 - y + 13. Let t(x) = 20*x**3 + 15*x**2 - 4*x + 37. Let u(c) = 17*i(c) - 6*t(c). What is u(-6)?
-7
Let g(i) = -10*i + i + i - 32 - 2 + 9*i. Determine g(0).
-34
Let h(y) = -7*y**2 - y + 14. Let o(s) = -15*s**2 - 3*s + 29. Let d(g) = 13*h(g) - 6*o(g). Let t = 36 - 29. Suppose 0 = -3*r + 11 + t. Give d(r).
2
Suppose 2*s - 5*s + 5*n = -18, -12 = -2*s - 2*n. Suppose d = s*d + 30. Let f(q) = -q**2 - 5*q - 1. What is f(d)?
-7
Let l(s) = s**2 + s - 2. Let v(w) = 7*w + 3. Let z be v(1). Let f(b) = b**2 - 3*b - 4. Let m be f(6). Suppose -m*o - 8 = -z*o. What is l(o)?
0
Let c be 12/(-15)*(-75)/10. Let h(n) = -6*n - 6 + 5*n**3 - 5*n**3 + 7*n**2 + n**3 - 2*n**3. Give h(c).
-6
Suppose z = -y - 4, -4*z - 21 = -1. Let u(n) = 21*n. Give u(y).
21
Let g(n) be the first derivative of -n**2/2 + 3*n - 6. Let h = -97 - -92. Give g(h).
8
Let u(i) = -i**3 + 3*i**2 + 4*i + 2. Suppose -187 = -3*d + 44. Let g be 3/(-2) - d/(-14). Determine u(g).
2
Suppose 5*u - 96 + 81 = 0. Let f(p) be the second derivative of p**3 + p**2/2 + 3*p. Determine f(u).
19
Let m(b) = -2*b**2 - 13*b - 7. Let u(r) = r**2 + 7*r + 4. Let l(z) = 2*m(z) + 5*u(z). Let i(d) = -3*d - 2. Let k(j) = -7*i(j) - 2*l(j). Determine k(-2).
-12
Suppose 2*j - 6 = -7*p + 8*p, 1 = 4*p - 3*j. Let o(x) = -4*x + 14. Determine o(p).
-2
Let p(f) = -2*f + 23. Let l be (((-663)/12)/17)/(3/(-12)). What is p(l)?
-3
Suppose 0 = -2*w + 8, -6 + 0 = -d - w. Suppose -1 = -3*u + d. Let x(g) = -9*g**3 - g. What is x(u)?
-10
Let n(f) = -f**3 - 8*f**2 + 12*f + 33. Let o be n(-9). Let v(i) = i**3 - 5*i**2 - 8*i - 2. Calculate v(o).
-14
Let h(c) = 17*c - 2. Let o = 587 - 585. Give h(o).
32
Let x be 25*((-16)/10 - -2). Let u(v) = v**2 - 9*v + 6. Let c(t) = 2*t**2 - 18*t + 18. Let l(o) = 2*c(o) - 5*u(o). What is l(x)?
-4
Let c(m) = 11*m**2 + 4*m - 4. Let u(t) = -7*t**2 - 4*t + 3. Let k(o) = -2*c(o) - 3*u(o). Determine k(2).
3
Let a(h) = -2*h + h + h + h**2 + h - 10. Suppose 0*p - 4*p = 0. Calculate a(p).
-10
Suppose -g + 2*p + 2 = -17, 0 = 2*g - 5*p - 43. Suppose 0 = -0*n + 3*n + g. Let h(k) = -k**2 + k - 1. Give h(n).
-13
Let q be ((-5)/((-10)/3))/((-3)/(-4)). Suppose z + z - 12 = k, 0 = -2*z - 2*k. Let l(s) = -q*s - z + 2*s + 13 + s. What is l(-5)?
4
Suppose 0 = -2*h + t + 2*t - 12, -t + 18 = -3*h. Let j = h + 11. Let f(x) = -x + 4. Calculate f(j).
-1
Let x(a) = -17*a + 17. Let h be x(1). Let v(f) = f - 54. Determine v(h).
-54
Let i(u) = u**3 - 3*u**2 - u - 17. Let p(h) = -h**3 + 2*h**2 + 2*h + 15. Let m(f) = 5*i(f) + 6*p(f). What is m(-5)?
20
Let p(s) = 5*s**3 + s**2 - s. Let x = 558 + -557. Give p(x).
5
Let i(z) be the first derivative of z + 0*z**2 + 11 + 4/3*z**3. What is i(1)?
5
Suppose 0 = h + 3*h + 44. Let b be h/33 - (-34)/(-6). Let u(a) = 3*a + 3. Give u(b).
-15
Let p be -2*(-35)/20*(-18)/(-21). Let c(l) be the first derivative of 5*l + 2/3*l**p + 7/2*l**2 - 4. Calculate c(-4).
9
Suppose -4*f - f - i + 19 = 0, 0 = 4*f - 4*i + 4. Let q(w) = -f + 2 + 4*w - 17*w. Let p be (-2)/((-3)/(-3) - 3). Give q(p).
-14
Let s(z) be the second derivative of z**5/10 + 23*z**4/6 + 9*z**2/2 + 276*z. Determine s(-23).
9
Let u(a) = 3*a + 4. Let c(o) = -o - 2. Let z(h) = 4*c(h) + u(h). Give z(-3).
-1
Let s(n) = 3*n + 10. Suppose 61*i - 67*i = 18. Determine s(i).
1
Suppose 0 = 5*i - 3*k - 53, 5*i - 3*k - 46 = -7*k. Let v(t) = i + 7 - 19 - t. Give v(-8).
6
Let y(s) = s**2 - 17*s - 16. Let j be y(18). Let f(n) be the second derivative of -n**3/6 + n**2 - 45*n. Calculate f(j).
0
Let z(w) be the second derivative of 3*w**3/2 - w**2/2 - 4*w. Let v be ((-20)/(-10))/(2 - (-1 + 1)). Give z(v).
8
Let y be 518/148*(-6)/(-21). Let d(s) = -8*s**3 - s**2 + 4*s - 4. Give d(y).
-9
Let g be (-4)/14*(-11 + 4). Let z(m) = 2*m**g + 184*m - 181*m - 2 + 3. Let q = -3 - -1. What is z(q)?
3
Let k(w) be the second derivative of -2*w + 0 + 0*w**2 + 1/3*w**3. Let d be (-5 - -1)*3*2/(-8). Give k(d).
6
Let n(a) = 8 - 10 - 21*a + 6. Give n(3).
-59
Let x be ((-2)/4)/(-3*8/48). Let l(y) be the second derivative of 9*y**5/10 + y**4/6 - y**3/3 + y**2/2 - 2*y. Calculate l(x).
19
Let b(l) = 8*l**2 + 7*l - 24. Let m(k) = -7*k**2 - 2*k + 8. Let s(h) = -h**2. Let o(d) = m(d) - 4*s(d). Let r(i) = -4*b(i) - 11*o(i). What is r(6)?
8
Let x(b) = -b**2 - 3*b + 1. Suppose 3*p = 4*p - 4. Suppose -l = p*l - 10. Let w be ((-1)/l)/(4/32). Calculate x(w).
-3
Suppose 4*h = -h - j - 48, -h + 5*j = -6. Let v(k) = 3*k**2 - 11*k + 7. Let x(q) = -8*q**2 + 23*q - 13. Let w(t) = -5*v(t) - 2*x(t). Calculate w(h).
-9
Let o(k) = 3*k**3 - 2*k**2 + 2. Suppose -5*z + 11 = -9. Let p be (-4)/12*(z - 16). Suppose -n - p = 3*v, 0*v = -4*v - 8. What is o(n)?
18
Let b(v) = -8*v**2 + 5*v**2 + 2*v - 3*v - v**2 + 9 + 3*v**2. Give b(3).
-3
Let c(h) = h**3 + 7*h**2 + 7*h + 3. Suppose 3*n - 96 = -111. Determine c(n).
18
Let p(v) = 2*v**2. Let r(j) = 13*j**2 - 5*j + 6. Let s(h) = -6*p(h) + r(h). Let g be 70/(-22) + (-6)/(-33). Let t = 9 + g. Determine s(t).
12
Let b(o) = -o - 3. Suppose 39*m = 42*m + 33. Determine b(m).
8
Let o(j) be the third derivative of -j**4/12 - j**3/2 - 45*j**2. Calculate o(4).
-11
Let y = 17 + -10. Let m(x) be the third derivative of -x**4/24 + x**3 + 131*x**2 + 1. Calculate m(y).
-1
Let f = -21 + 15. Let j(k) be the second derivative of 0 - 1/2*k**3 + 22*k + 0*k**2. Calculate j(f).
18
Let v(y) be the third derivative of 0 + 2/3*y**3 + 0*y + 1/24*y**4 - 17*y**2. What is v(-6)?
-2
Let t(m) = 2*m**2 - m - 4. Let j(d) = -2*d**2 - 11*d - 6. Let p be j(-6). Let x(c) = -c**3 + 2*c**2 - 1. Let a be x(-2). Let n = a + p. Calculate t(n).
11
Let g(u) = -3 - 3 - 5 - u + 9. Give g(3).
-5
Let c(g) be the third derivative of g**4/24 - 14*g**2. Let z(l) = 5*l - 1. Let x(m) = 9*c(m) - 2*z(m). Determine x(0).
2
Let o be (1/(15/5))/((-2)/24). Let t(a) = -3*a**3 - 2*a**2 + a + 3. Let g(h) = 4*h**3 + h**2 - h - 2. Let r(n) = 2*g(n) + 3*t(n). Calculate r(o).
1
Suppose 6 = -5*m - h, 2*m + 2*h = -h + 8. Let x(z) = -5*z**3 - 5*z**2 - z + 9. Let l(q) = q**3 - 2. Let k(i) = 4*l(i) + x(i). Determine k(m).
-9
Let g(y) = 4*y**3 + 3*y**2 + 4*y + 5. Let o be g(-2). Let f = o - -28. Let p(v) = 2*v - 7. What is p(f)?
3
Let o = 1876 - 1875. Let a(t) = 34*t**2 + t. Calculate a(o).
35
Let s(v) = -2*v**2 - 4*v - 5. Let h = -820 - -819. What is s(h)?
-3
Let c be 1/2*(16 + -6). Suppose -4 + 69 = c*b. Let d(q) = -13 + b + 3*q. What is d(-1)?
-3
Suppose -4*q - 3*h = 1, q - 3*h = 4*q + 3. Let o(g) = 2*g**2 + g - 3 + 3*g - 3*g**q. Let a be (-38)/(-6) - (-4)/(-3). What is o(a)?
-8
Let z(h) = h**3 + 33*h**2 - 108*h + 5. Let b be z(-36). Let t(j) = 9*j - 48. Give t(b).
-3
Let x(l) = 637 + 3*l - 638 - 4*l. Give x(5).
-6
Let y(a) = -2*a**2 - 29*a - 77. Let r be y(-10). Let u(w) = -w**3 + 13*w**2 + 3. Calculate u(r).
3
Let a = -52 + 96. Let s = 50 - a. Let z(n) = -n**3 + 6*n**2 + n - 1. Give z(s).
5
Let x(o) = -6*o**2 + 22*o + 22. Let s be x(-1). Let u(k) = -k**2 - 7*k - 4. Give u(s).
2
Let f(a) = -2 - 6*a + 5 + 3*a - 3*a. What is f(2)?
-9
Let d(m) = m**3 + m**2 + m + 7. Let s(l) = l**3 - 10*l**2 + 10*l + 3. Let j be s(9). Let z be 8/32 + 98/(-8). Let v = j + z. What is d(v)?
7
Let n(c) = -4*c**3 + 2*c + 1. Suppose -11 = -2*o - 3*r + 4*r, 25 = 5*o - 2*r. Suppose -o*f - 1 = 2*f - w, 20 = -4*f - 4*w. Determine n(f).
3
Let q(n) = n + 27. Suppose 559*s = 551*s. What is q(s)?
27
Let h(q) = 42*q**3 + q**2 + q. Let t = -410 + 409. Give h(t).
-42
Suppose 82*t = 86*t - 20. Let r(c) = -c**3 +